{"id":48,"date":"2016-06-05T12:04:00","date_gmt":"2016-06-05T12:04:00","guid":{"rendered":"http:\/\/gs-rindern.de\/\/?page_id=48"},"modified":"2025-01-10T12:28:14","modified_gmt":"2025-01-10T12:28:14","slug":"betreuung","status":"publish","type":"page","link":"http:\/\/gs-rindern.de\/?page_id=48","title":{"rendered":"Organisation und Regeln"},"content":{"rendered":"<p><img loading=\"lazy\" decoding=\"async\" class=\"alignright size-full wp-image-1416\" src=\"http:\/\/gs-rindern.de\/\/wp-content\/uploads\/2016\/06\/buch_klein.png\" alt=\"buch_klein\" width=\"356\" height=\"401\"><span style=\"font-family: Verdana, Geneva, sans-serif; font-weight: inherit;\">Die <a href=\"http:\/\/www.awo-kreiskleve.de\">AWO<\/a> organisiert als Tr\u00e4ger das verl\u00e4ssliche Betreuungsangebot.<\/span><\/p>\n<ul>\n<li>Schule von 11.30 Uhr bis 13.15 Uhr (VHT) und die<\/li>\n<li>Offene Ganztagsschule (OGS)<\/li>\n<\/ul>\n<p>mit einem erfahrenen Betreuungsteam.&nbsp;<\/p>\n<p>Die Verantwortung f\u00fcr die Betreuung beginnt mit dem Erscheinen des Kindes im Sebus-Treff. Deshalb melden sich sich die Kinder, wenn sie kommen, bei einer Betreuerin an.&nbsp;<\/p>\n<p>&nbsp;<\/p>\n<p><strong>Abholzeiten f\u00fcr die Kinder VHT<br \/>\n<\/strong>bis 13.15 Uhr jederzeit. Bitte informieren Sie eine der Betreuer*innen, dass Sie ihr Kind mitnehmen, bevor Sie gehen. Falls eine uns unbekannte Person oder ein Elternteil eines anderen Kindes Ihr Kind ausnahmsweise abholt, teilen Sie uns das bitte zuvor mit. Kinder, die alleine gehen, d\u00fcrfen grunds\u00e4tzlich erst um 13.15 Uhr gehen.<\/p>\n<p>&nbsp;<\/p>\n<p><strong>Abholzeiten OGS<\/strong><br \/>\nab 15.00 Uhr bis 16.00 Uhr<br \/>\nAusnahmen, z.B. Arztbesuche, sprechen Sie bitte mit der Leiterin des Ganztags ab.<br \/>\nRegelm\u00e4\u00dfige Ausnahmen sind beispielsweise:<br \/>\n1. Therapiema\u00dfnahmen<br \/>\n2. F\u00f6rderung von besonderen Begabungen.&nbsp;<\/p>\n<p>&nbsp;<\/p>\n<p><strong>Regeln f\u00fcr das Miteinander<br \/>\n<\/strong>F\u00fcr unsere Betreuungsgruppe gelten die folgenden Grunds\u00e4tze und Regeln, die von allen Beteiligten (Betreuer*innen, Kinder und Eltern) geachtet und eingehalten werden m\u00fcssen.<\/p>\n<ul>\n<li>Den Anweisungen der Betreuer*innen ist unbedingt Folge zu leisten, da sie die Aufsichtspflicht \u00fcber die Kinder in der Betreuung haben.<\/li>\n<li>Es soll kein Spielzeug (Sammelartikel, B\u00fccher, Spiele usw.) mit in die Betreuung gebracht werden.<\/li>\n<li>Die Kinder d\u00fcrfen sich nicht ohne schriftliche oder m\u00fcndliche Einverst\u00e4ndniserkl\u00e4rung der Eltern aus der Betreuung vorzeitig entfernen.<\/li>\n<li>F\u00fcr diese Kinder besteht kein Versicherungsschutz und es gibt f\u00fcr uns keine M\u00f6glichkeit nach \u201eweggelaufenen\u201c Kindern zu suchen.<\/li>\n<li>Wir gehen alle gewaltfrei miteinander um.<\/li>\n<li>Das Eigentum des anderen wird geachtet und keiner wird durch Worte oder Taten durch andere verletzt.&nbsp;<\/li>\n<li>Wir pflegen einen wertsch\u00e4tzenden Umgang miteinander.<\/li>\n<\/ul>\n","protected":false},"excerpt":{"rendered":"<p>Die AWO organisiert als Tr\u00e4ger das verl\u00e4ssliche Betreuungsangebot. Schule von 11.30 Uhr bis 13.15 Uhr (VHT) und die Offene Ganztagsschule (OGS) mit einem erfahrenen Betreuungsteam.&nbsp; Die Verantwortung f\u00fcr die Betreuung beginnt mit dem Erscheinen des Kindes im Sebus-Treff. Deshalb melden sich sich die Kinder, wenn sie kommen, bei einer Betreuerin an.&nbsp; &nbsp; Abholzeiten f\u00fcr die [&hellip;]<\/p>\n","protected":false},"author":4,"featured_media":0,"parent":0,"menu_order":0,"comment_status":"closed","ping_status":"closed","template":"","meta":{"ngg_post_thumbnail":0,"footnotes":""},"_links":{"self":[{"href":"http:\/\/gs-rindern.de\/index.php?rest_route=\/wp\/v2\/pages\/48"}],"collection":[{"href":"http:\/\/gs-rindern.de\/index.php?rest_route=\/wp\/v2\/pages"}],"about":[{"href":"http:\/\/gs-rindern.de\/index.php?rest_route=\/wp\/v2\/types\/page"}],"author":[{"embeddable":true,"href":"http:\/\/gs-rindern.de\/index.php?rest_route=\/wp\/v2\/users\/4"}],"replies":[{"embeddable":true,"href":"http:\/\/gs-rindern.de\/index.php?rest_route=%2Fwp%2Fv2%2Fcomments&post=48"}],"version-history":[{"count":17,"href":"http:\/\/gs-rindern.de\/index.php?rest_route=\/wp\/v2\/pages\/48\/revisions"}],"predecessor-version":[{"id":15251,"href":"http:\/\/gs-rindern.de\/index.php?rest_route=\/wp\/v2\/pages\/48\/revisions\/15251"}],"wp:attachment":[{"href":"http:\/\/gs-rindern.de\/index.php?rest_route=%2Fwp%2Fv2%2Fmedia&parent=48"}],"curies":[{"name":"wp","href":"https:\/\/api.w.org\/{rel}","templated":true}]}}