{"id":537,"date":"2016-06-18T21:46:28","date_gmt":"2016-06-18T21:46:28","guid":{"rendered":"http:\/\/gs-rindern.de\/\/?page_id=537"},"modified":"2025-01-10T12:48:04","modified_gmt":"2025-01-10T12:48:04","slug":"gremien","status":"publish","type":"page","link":"http:\/\/gs-rindern.de\/?page_id=537","title":{"rendered":"Gremien"},"content":{"rendered":"<h4><strong>Elternvertreter in der Schulkonferenz im Schuljahr 2024\/25<\/strong><\/h4>\n<p>Yvonne Wilmsen &#8211; Schulpflegschaftsvorsitzende<\/p>\n<p>Carola Basmer<\/p>\n<p>Sabrina Keijzer<\/p>\n<p>Kerstin Audick<\/p>\n<p>Karin H\u00fcbers<\/p>\n<p>Joena Kalkes<\/p>\n<p>&nbsp;<\/p>\n<h4>Lehrervertreter der Schulkonferenz im Schuljahr 2024\/2025<\/h4>\n<p>Margit Niemeier<\/p>\n<p>Cornelia Feige<\/p>\n<p>Barbara Schr\u00f6der<\/p>\n<p>Nathalie Finke<\/p>\n<p>Petra Langenberg<\/p>\n<p>Christiane Thier<\/p>\n<p>&nbsp;<\/p>\n<h4><a href=\"\/?page_id=70\">F\u00f6rderverein<\/a><\/h4>\n<p><strong>Vorstand:<\/strong><\/p>\n<p>1. Vorsitzender:&nbsp; &nbsp;Herbert H\u00f6lscher<\/p>\n<p>2. Vorsitzender:&nbsp; &nbsp;Sebastian Twardowski<\/p>\n<p>Schriftf\u00fchrerin:&nbsp; &nbsp; Birgit H\u00f6lscher<\/p>\n<p>Kassenwart:&nbsp; &nbsp; &nbsp; &nbsp; &nbsp;Frank Deutmeyer<\/p>\n<p>Schulleiterin: &nbsp; &nbsp; &nbsp; &nbsp;Britta Peters<\/p>\n<p>&nbsp;<\/p>\n\n\n<p><\/p>\n","protected":false},"excerpt":{"rendered":"<p>Elternvertreter in der Schulkonferenz im Schuljahr 2024\/25 Yvonne Wilmsen &#8211; Schulpflegschaftsvorsitzende Carola Basmer Sabrina Keijzer Kerstin Audick Karin H\u00fcbers Joena Kalkes &nbsp; Lehrervertreter der Schulkonferenz im Schuljahr 2024\/2025 Margit Niemeier Cornelia Feige Barbara Schr\u00f6der Nathalie Finke Petra Langenberg Christiane Thier &nbsp; F\u00f6rderverein Vorstand: 1. Vorsitzender:&nbsp; &nbsp;Herbert H\u00f6lscher 2. Vorsitzender:&nbsp; &nbsp;Sebastian Twardowski Schriftf\u00fchrerin:&nbsp; &nbsp; Birgit H\u00f6lscher [&hellip;]<\/p>\n","protected":false},"author":4,"featured_media":0,"parent":56,"menu_order":0,"comment_status":"closed","ping_status":"closed","template":"","meta":{"ngg_post_thumbnail":0,"footnotes":""},"_links":{"self":[{"href":"http:\/\/gs-rindern.de\/index.php?rest_route=\/wp\/v2\/pages\/537"}],"collection":[{"href":"http:\/\/gs-rindern.de\/index.php?rest_route=\/wp\/v2\/pages"}],"about":[{"href":"http:\/\/gs-rindern.de\/index.php?rest_route=\/wp\/v2\/types\/page"}],"author":[{"embeddable":true,"href":"http:\/\/gs-rindern.de\/index.php?rest_route=\/wp\/v2\/users\/4"}],"replies":[{"embeddable":true,"href":"http:\/\/gs-rindern.de\/index.php?rest_route=%2Fwp%2Fv2%2Fcomments&post=537"}],"version-history":[{"count":29,"href":"http:\/\/gs-rindern.de\/index.php?rest_route=\/wp\/v2\/pages\/537\/revisions"}],"predecessor-version":[{"id":15267,"href":"http:\/\/gs-rindern.de\/index.php?rest_route=\/wp\/v2\/pages\/537\/revisions\/15267"}],"up":[{"embeddable":true,"href":"http:\/\/gs-rindern.de\/index.php?rest_route=\/wp\/v2\/pages\/56"}],"wp:attachment":[{"href":"http:\/\/gs-rindern.de\/index.php?rest_route=%2Fwp%2Fv2%2Fmedia&parent=537"}],"curies":[{"name":"wp","href":"https:\/\/api.w.org\/{rel}","templated":true}]}}