{"id":53,"date":"2016-06-05T12:17:32","date_gmt":"2016-06-05T12:17:32","guid":{"rendered":"http:\/\/gs-rindern.de\/\/?page_id=53"},"modified":"2026-01-05T10:11:49","modified_gmt":"2026-01-05T10:11:49","slug":"kontakt","status":"publish","type":"page","link":"https:\/\/gs-rindern.de\/?page_id=53","title":{"rendered":"Kontakt"},"content":{"rendered":"<p><img loading=\"lazy\" decoding=\"async\" class=\"alignright size-full wp-image-1422\" src=\"http:\/\/gs-rindern.de\/\/wp-content\/uploads\/2016\/06\/johanna_sebus_klein.png\" alt=\"johanna_sebus_klein\" width=\"400\" height=\"293\"><\/p>\n<p>Johanna-Sebus-Schule<\/p>\n<p>Katholische Grundschule<\/p>\n<p>Hohe Str. 116<\/p>\n<p>47533 Kleve-Rindern<\/p>\n<p>Telefon: 02821\/3512<\/p>\n<p>Fax: 02821\/971374<\/p>\n<p>Mail: <a href=\"mailto:sebus.gs.rindern@kleve.de\">sebus.gs.rindern@kleve.de<\/a><\/p>\n<p>Krankmeldung: Bitte reichen Sie eine Krankmeldung bis morgens 8 Uhr \u00fcber den Schulmanager ein<\/p>\n<p>&nbsp;<\/p>\n<p><u>Schulsekretariat<\/u><\/p>\n<p>Anita Schoemakers<\/p>\n<p>montags bis freitags 7.45 &#8211; 11.30 Uhr<\/p>\n<p>Telefon: 02821\/3512<\/p>\n<p>&nbsp;<\/p>\n<p><u>Schulsozialarbeiter<\/u><\/p>\n<p>Julian Theyssen<\/p>\n<p>Telefon: 0159-06720773<\/p>\n<p>Mail: <a href=\"mailto:julian.theyssen@bbz-kleve.de\">julian.theyssen@bbz-kleve.de<\/a><\/p>\n<p>&nbsp;<\/p>\n<p><span style=\"text-decoration: underline;\">Kontakt zur Betreuung<\/span><\/p>\n<p>Telefon: 02821- 971 375 (Der Anrufbeantworter wird regelm\u00e4\u00dfig abgeh\u00f6rt.)<\/p>\n<p>Mail: <a href=\"mailto:ogs-johannasebus@awo-kreiskleve.de\">ogs-johannasebus@awo-kreiskleve.de<\/a><\/p>\n<p>&nbsp;<\/p>\n<p><span style=\"text-decoration: underline;\">Kontakt zum F\u00f6rderverein<\/span><\/p>\n<p>Mail: <a href=\"mailto:foerderverein-jsg@gmx.de\">foerderverein-jsg@gmx.de<\/a><\/p>\n<p>&nbsp;<\/p>\n<p><u>Ansprechpartnerinnen f\u00fcr PraktikantInnen<\/u><\/p>\n<p>Frau Langenberg und Frau Thier<\/p>\n<p>Telefon: 02821\/3512<\/p>\n<p>Bewerbungen bitte an: <a href=\"mailto:petra.langenberg@gs-rindern.de\">petra.langenberg@gs-rindern.de<\/a> oder <a href=\"mailto:christiane.thier@gs-rindern.de\">christiane.thier@gs-rindern.de<\/a><\/p>\n<p>&nbsp;<\/p>\n\n\n<p><\/p>\n","protected":false},"excerpt":{"rendered":"<p>Johanna-Sebus-Schule Katholische Grundschule Hohe Str. 116 47533 Kleve-Rindern Telefon: 02821\/3512 Fax: 02821\/971374 Mail: sebus.gs.rindern@kleve.de Krankmeldung: Bitte reichen Sie eine Krankmeldung bis morgens 8 Uhr \u00fcber den Schulmanager ein &nbsp; Schulsekretariat Anita Schoemakers montags bis freitags 7.45 &#8211; 11.30 Uhr Telefon: 02821\/3512 &nbsp; Schulsozialarbeiter Julian Theyssen Telefon: 0159-06720773 Mail: julian.theyssen@bbz-kleve.de &nbsp; Kontakt zur Betreuung Telefon: 02821- [&hellip;]<\/p>\n","protected":false},"author":4,"featured_media":0,"parent":0,"menu_order":0,"comment_status":"closed","ping_status":"closed","template":"","meta":{"ngg_post_thumbnail":0,"footnotes":""},"_links":{"self":[{"href":"https:\/\/gs-rindern.de\/index.php?rest_route=\/wp\/v2\/pages\/53"}],"collection":[{"href":"https:\/\/gs-rindern.de\/index.php?rest_route=\/wp\/v2\/pages"}],"about":[{"href":"https:\/\/gs-rindern.de\/index.php?rest_route=\/wp\/v2\/types\/page"}],"author":[{"embeddable":true,"href":"https:\/\/gs-rindern.de\/index.php?rest_route=\/wp\/v2\/users\/4"}],"replies":[{"embeddable":true,"href":"https:\/\/gs-rindern.de\/index.php?rest_route=%2Fwp%2Fv2%2Fcomments&post=53"}],"version-history":[{"count":37,"href":"https:\/\/gs-rindern.de\/index.php?rest_route=\/wp\/v2\/pages\/53\/revisions"}],"predecessor-version":[{"id":15630,"href":"https:\/\/gs-rindern.de\/index.php?rest_route=\/wp\/v2\/pages\/53\/revisions\/15630"}],"wp:attachment":[{"href":"https:\/\/gs-rindern.de\/index.php?rest_route=%2Fwp%2Fv2%2Fmedia&parent=53"}],"curies":[{"name":"wp","href":"https:\/\/api.w.org\/{rel}","templated":true}]}}